ase 9.
2502743
Convert 10001111100110010001010 (base 2) to base 15.
62e2e8
-14456536 (base 7) to base 3
-2120220002221
What is -1461611 (base 7) in base 15?
-3e388
-314012132 (base 5) to base 11
-817876
110100000000101100 (base 2) to base 5
23304121
Convert -12a7066 (base 12) to base 6.
-211212210
2012624 (base 7) to base 13
84854
7708 (base 9) to base 11
42a2
What is 6bb485 (base 16) in base 10?
7058565
451601 (base 7) to base 6
1413435
1646722 (base 10) to base 7
16665640
-5041246 (base 7) to base 13
-17c44c
Convert 190650 (base 11) to base 3.
112220202010
Convert -1b954 (base 13) to base 4.
-31100232
What is 833653 (base 10) in base 7?
10041322
What is -50552 (base 11) in base 4?
-102002023
Convert 33577 (base 13) to base 12.
45b41
Convert -412013242 (base 5) to base 8.
-6303363
Convert -2b4d (base 15) to base 2.
-10010001010010
-761cb5 (base 13) to base 5
-1202243130
Convert -c50233 (base 13) to base 9.
-8578207
What is 35460 (base 12) in base 6?
1311000
Convert 1040552402 (base 6) to base 2.
101010111000111101110010
What is -11011001010111100111110 (base 2) in base 12?
-2475b66
Convert -10011000110100100 (base 2) to base 11.
-53871
11100010100111001001 (base 2) to base 10
928201
What is 1bdad8 (base 15) in base 13?
389279
110010000110111111 (base 2) to base 5
23031442
Convert -684848 (base 11) to base 3.
-2001100220011
Convert -7c8c7 (base 13) to base 14.
-5d03c
What is 458857 (base 9) in base 14?
725ad
21477 (base 14) to base 8
235121
What is 1010111111101001011 (base 2) in base 4?
1113331023
-1638071 (base 9) to base 15
-130044
Convert -312321103 (base 4) to base 15.
-46951
-101271 (base 10) to base 14
-28c99
-582424 (base 9) to base 7
-2654026
What is 1103430 (base 5) in base 9?
28347
Convert 1133120 (base 7) to base 5.
14032001
Convert -100010011000100010 (base 2) to base 12.
-69602
What is -1302422233 (base 5) in base 4?
-30012000032
-1128ca (base 13) to base 15
-80361
What is 243456 (base 8) in base 3?
11020220011
470a1 (base 11) to base 13
24c42
What is fc7f (base 16) in base 6?
1215131
-14552313 (base 7) to base 12
-570ba6
-15a868 (base 11) to base 10
-248608
What is -24157777 (base 8) in base 10?
-5300223
What is -2121021012 (base 3) in base 15?
-1029e
Convert -1856a5 (base 14) to base 10.
-860193
Convert 327959 (base 12) to base 5.
201121204
Convert -3e77 (base 16) to base 10.
-15991
-13928 (base 13) to base 4
-20331203
26b66 (base 13) to base 6
1314251
Convert 32769 (base 10) to base 15.
9a99
2b942d (base 14) to base 8
5640041
What is 175bb9 (base 13) in base 4?
2032220120
-1a2968 (base 11) to base 16
-4bff6
Convert -2a0287 (base 13) to base 3.
-1221021000222
3317aa (base 15) to base 5
1110410420
Convert 623a3 (base 11) to base 10.
90984
What is 10424668 (base 9) in base 10?
5035751
Convert -195639 (base 10) to base 13.
-6b082
Convert -202101211220211 (base 3) to base 11.
-613602a
5084258 (base 10) to base 9
10508255
What is -80021 (base 16) in base 2?
-10000000000000100001
Convert 1043225 (base 6) to base 16.
cd61
-117cd2 (base 14) to base 15
-bc2a9
Convert -36265 (base 12) to base 5.
-4313231
What is 1220122122220 (base 3) in base 10?
1016709
What is 882219 (base 10) in base 6?
30524203
What is 11140124 (base 5) in base 11?
68767
Convert 505213331 (base 6) to base 11.
4978122
Convert 3131003 (base 5) to base 4.
30230203
-43454524 (base 6) to base 11
-807524
78e0c (base 16) to base 10
495116
130000312 (base 6) to base 12
a16098
What is -20e094 (base 16) in base 15?
-2c862e
Convert 102100312033 (base 4) to base 11.
277aaa3
-25221630 (base 8) to base 5
-2412022142
What is -49697 (base 11) in base 2?
-10001011011001111
What is -1012020002120 (base 3) in base 13?
-192933
What is 602d1 (base 14) in base 13?
81239
-2101210200 (base 3) to base 4
-23202021
Convert -986280 (base 10) to base 9.
-1762826
-14401431 (base 6) to base 4
-1321211323
306455 (base 7) to base 9
80272
Convert 56236443 (base 8) to base 15.
10ebeab
-51f8 (base 16) to base 6
-241052
Convert 145484 (base 9) to base 3.
11112112211
1101100100101011011 (base 2) to base 4
1230211123
What is 13322331 (base 4) in base 2?
111111010111101
What is 2909033 (base 10) in base 4?
23012031221
Convert 1321050551 (base 6) to base 12.
5326a57
Convert -1678011 (base 9) to base 5.
-220000004
Convert -310603 (base 8) to base 11.
-70253
Convert -355fc (base 16) to base 4.
-311113330
What is 59b64 (base 16) in base 10?
367460
Convert -1318a2 (base 14) to base 6.
-22032034
Convert 2330202100 (base 4) to base 8.
2744220
-2157041 (base 10) to base 9
-4046812
-5000534 (base 8) to base 7
-14100233
What is -7448510 (base 9) in base 8?
-17156445
101120000 (base 4) to base 8
213000
77951 (base 12) to base 11
a9187
What is -1130121430 (base 5) in base 4?
-21312203110
Convert -8ddd (base 14) to base 3.
-1020212122
What is -150412 (base 8) in base 7?
-312006
Convert -889a03 (base 11) to base 9.
-2602114
What is -62207 (base 10) in base 16?
-f2ff
Convert 1747988 (base 12) to base 3.
100002002121212
Convert -1fffa (base 16) to base 14.
-35a9c
Convert -10010110011010101001 (base 2) to base 10.
-616105
8030026 (base 9) to base 7
51206403
Convert 11242112010 (base 5) to base 10.
12847755
What is -5783145 (base 9) in base 7?
-35364536
22121211012 (base 3) to base 10
169727
Convert 13803861 (base 9) to base 10.
6852574
What is 3703f1 (base 16) in base 4?
31300033301
-9c1127 (base 13) to base 7
-43223411
1692842 (base 13) to base 7
116124401
-52c4 (base 16) to base 12
-10318
1201012221002 (base 3) to base 15
12e845
Convert -1116736 (base 11) to base 13.
-536492
Convert -1121101123 (base 4) to base 5.
-43200114
1001001011111111 (base 2) to base 10
37631
540c77 (base 14) to base 4
22312220321
26a009 (base 13) to base 3
1202112212010
3444301 (base 5) to base 12
30183
-103132301 (base 4) to base 10
-79793
What is -2382520 (base 9) in base 14?
-259a10
2525661 (base 7) to base 5
40414222
Convert 8723e3 (base 16) to base 8.
41621743
Convert 22b428 (base 12) to base 2.
10001000011010100000
Convert 305230145 (base 6) to base 5.
2323313013
Convert 122330203330 (base 4) to base 10.
7063804
What is -43854 (base 10) in base 11?
-2aa48
Convert -20110112022 (base 3) to base 5.
-13032412
75b13 (base 13) to base 14
57791
Convert 1301302230 (base 4) to base 10.
466092
What is 115314032 (base 6) in base 13?
5c8937
-132240251 (base 6) to base 8
-12027547
-5053645 (base 7) to base 2
-10010010111000000110
Convert 435513 (base 11) to base 15.
db0a1
What is -2101010110110 (base 3) in base 11?
-792377
What is 135194 (base 13) in base 14?
c2907
54088 (base 11) to base 10
78625
What is 159d3b (base 14) in base 11?
477995
-79232 (base 13) to base 2
-110101101110101111
Convert 267141 (base 8) to base 10.
93793
Convert -304011 (base 5) to base 13.
-4661
-54250 (base 10) to base 15
-1111a
10011010011111010011111 (base 2) to base 7
61012621
1c615 (base 14) to base 16
11b5b
13219513 (base 10) to base 3
220212121202121
Convert -14bcc0 (base 14) to base 15.
-e4897
What is 10011100101100011 (base 2) in base 16?
13963
Convert 16a86c (base 16) to base 7.
15423115
What is 84274 (base 11) in base 3?
20020102020
Convert -14205354 (base 6) to base 15.
-98324
Convert -1205105 (base 7) to base 2.
-100101010111001000
Convert 101111100011111110 (base 2) to base 15.
3cac9
Convert -3134023 (base 5) to base 11.
-363a6
Convert 56724 (base 12) to base 3.
12211212101
-1000011200211 (base 3) to base 2
-10000010100101010001
Convert -10201002 (base 7) to base 9.
-1546240
-6132350 (base 8) to base 15
-21eb51
113031221 (base 5) to base 11
323a44
What is -74966 (base 10) in base 14?
-1d46a
What is -1537b9 (base 16) in base 13?
-398bc2
Convert 79597 (base 11) to base 4.
130013221
What is -11010010000000000101 (base 2) in base 4?
-3102000011
What is -2a486b (base 13) in base 2?
-11111101100001011001
What is -1201002003 (base 4) in base 5?
-100204233
2d0dd4 (base 16) to base 4
23100313110
551110 (base 10) to base 15
ad45a
322133334 (base 5) to base 10
1364844
Convert -b24dc (base 14) to base 4.
-1220233302
-22130223213 (base 4) to base 16
-29cae7
What is 5033c1 (base 13) in base 16?
1c7028
2011221022 (base 3) to base 7
236156
What is 1001100110101001101 (base 2) in base 15?
633a1
Convert 70b561 (base 13) to base 15.
36c7cc
What is -101020221222 (base 3) in base 